0 + 5?
2ac05
In base 13, what is 239 - 220?
19
In base 4, what is 1201220 + -13?
1201201
In base 8, what is -74 + 446?
352
In base 12, what is 3 - -34b0?
34b3
In base 6, what is 235024 - 1?
235023
In base 3, what is 11221200 + 12?
11221212
In base 15, what is -721 - -a?
-716
In base 4, what is -3003013 + -31?
-3003110
In base 9, what is 2 + -257413?
-257411
In base 14, what is 1 + 7180?
7181
In base 15, what is 283 + 944?
bc7
In base 2, what is 1 - 10001100101011?
-10001100101010
In base 13, what is -2a5c9 + 4?
-2a5c5
In base 12, what is -95bb4 + 5?
-95bab
In base 2, what is -1101011001011 - -111011?
-1101010010000
In base 3, what is 112100101 + -10?
112100021
In base 4, what is -320 + 22110?
21130
In base 13, what is 5450c - -2?
54511
In base 5, what is -13122004 + 0?
-13122004
In base 5, what is 11133 + 1324?
13012
In base 14, what is -15 + -4db?
-512
In base 12, what is -122a + -1078?
-22a6
In base 10, what is 7 - 17088?
-17081
In base 10, what is 8 - 40?
-32
In base 6, what is 10354 + 2105?
12503
In base 15, what is 2 - 20d1?
-20ce
In base 13, what is 2482b - -5?
24833
In base 15, what is -4002 + 14?
-3edd
In base 15, what is -4e6a + 5a?
-4e10
In base 16, what is -2 + -8b1?
-8b3
In base 2, what is 1 + 101101100000111?
101101100001000
In base 15, what is 6e276 + 5?
6e27b
In base 7, what is 16521053 + -1?
16521052
In base 12, what is 350b7 + a?
35105
In base 10, what is -11575 + 3?
-11572
In base 8, what is -10 + 5317?
5307
In base 6, what is 12013 + -10?
12003
In base 3, what is -2 - -2121102022?
2121102020
In base 12, what is -6 + 9821?
9817
In base 15, what is 7 + 52e3?
52ea
In base 2, what is -110100011000 - -110100101?
-101101110011
In base 2, what is -111 + 10111001101000001?
10111001100111010
In base 8, what is -2027 + -7507?
-11536
In base 11, what is 0 - -84733?
84733
In base 13, what is 582 + 85c?
1111
In base 3, what is -1021 - -101202002?
101200211
In base 16, what is -1 + -24795?
-24796
In base 10, what is -23 - -225496?
225473
In base 14, what is 4 - 386?
-382
In base 16, what is f50ed + -5?
f50e8
In base 9, what is 27 - 530?
-502
In base 5, what is -104 + -213402?
-214011
In base 13, what is -5 + -168?
-170
In base 5, what is 2344 - -423103?
431002
In base 7, what is -4 + 1052452?
1052445
In base 16, what is 6b94 - -2b?
6bbf
In base 12, what is 28b6a - 8?
28b62
In base 13, what is 180 + 5bcc?
607c
In base 3, what is 1000012110200 - -1?
1000012110201
In base 5, what is 3430 + 130?
4110
In base 6, what is -1145 + 2450?
1301
In base 3, what is -12 + 1102101000?
1102100211
In base 11, what is 1 - 233637?
-233636
In base 15, what is -3b + -4e6?
-532
In base 2, what is 1001 - -1110111011111?
1110111101000
In base 13, what is 564 + -226?
33b
In base 6, what is 4523451 + 4?
4523455
In base 12, what is 3a73 - -176?
4029
In base 5, what is -11210 + -114?
-11324
In base 13, what is -3 + -92c22?
-92c25
In base 5, what is -2034 + -3400?
-10434
In base 4, what is -10120 - -11?
-10103
In base 5, what is 114000 + 0?
114000
In base 2, what is -10110000111011100 - -1101?
-10110000111001111
In base 6, what is -103 - 5123?
-5230
In base 7, what is -4456 + 4602?
113
In base 7, what is 1156 + -14?
1142
In base 14, what is 1 + 49c7?
49c8
In base 16, what is 5994 - -23?
59b7
In base 9, what is 13 - -307?
321
In base 7, what is -311 + -4665?
-5306
In base 15, what is -20a57b + 2?
-20a579
In base 9, what is 4 - 1011142?
-1011137
In base 6, what is -2531455 + 10?
-2531445
In base 8, what is -610 - 40?
-650
In base 5, what is -42434203 + -3?
-42434211
In base 5, what is 10 + 3002002?
3002012
In base 7, what is 205 + -3204?
-2666
In base 2, what is 10000010010 + 1111011?
10010001101
In base 6, what is -3 + -1142140?
-1142143
In base 16, what is 183e4 - 1?
183e3
In base 8, what is -1 - 320202?
-320203
In base 2, what is 110100000011 - -11001001?
110111001100
In base 15, what is 1 - 39b2?
-39b1
In base 3, what is -1 + 1011000012?
1011000011
In base 4, what is 10 - -23231?
23301
In base 3, what is -100221 - 2112?
-110110
In base 5, what is 20011012 + -10?
20011002
In base 6, what is -132054 - 414?
-132512
In base 8, what is 404 + 1131?
1535
In base 16, what is 1 - -2ac4a?
2ac4b
In base 8, what is 3 + -730150?
-730145
In base 15, what is -93 + -157b?
-161e
In base 3, what is -111200201 + 1002?
-111122122
In base 6, what is -2135403 + 4?
-2135355
In base 5, what is 442021 - 142?
441324
In base 4, what is -21010 + -2221?
-23231
In base 5, what is 4 - -302001?
302010
In base 15, what is 189 - -480?
619
In base 13, what is 10 - 1a6c?
-1a5c
In base 15, what is -24dd - -5c?
-2481
In base 5, what is -11401 + 104?
-11242
In base 9, what is 16 - -12737?
12754
In base 14, what is -6b59 + 4?
-6b55
In base 7, what is -35 - 1144?
-1212
In base 16, what is 3defb + 3?
3defe
In base 2, what is 1011000 - -11001010?
100100010
In base 14, what is -153 + -1a76?
-1bc9
In base 15, what is 32b4 - -24?
32d8
In base 14, what is -db9c2 - 6?
-db9c8
In base 9, what is -12313 - 13?
-12326
In base 2, what is 111010100011 + 1011?
111010101110
In base 12, what is 8 + 69?
75
In base 4, what is -103230000 - 10?
-103230010
In base 15, what is -1d - -84e?
831
In base 16, what is -181a7 + 5?
-181a2
In base 3, what is -1110 - 1122220222?
-1122222102
In base 9, what is -130218 - 1?
-130220
In base 14, what is 5 + -2b112?
-2b10b
In base 10, what is 40136 + -1?
40135
In base 5, what is -11042101 + -10?
-11042111
In base 7, what is -5100411 - 5?
-5100416
In base 8, what is 173 - 252?
-57
In base 8, what is -16665672 + -1?
-16665673
In base 7, what is 5400 - 240?
5130
In base 11, what is -9580 + 14?
-9567
In base 9, what is 13761 + -1?
13760
In base 5, what is 223 - -10112?
10340
In base 3, what is -201020002 + -10?
-201020012
In base 6, what is -4525 + 4?
-4521
In base 5, what is -12311 - 131?
-12442
In base 15, what is a74 - 253?
821
In base 9, what is 7112 - -426?
7538
In base 8, what is -51 - 7202?
-7253
In base 3, what is 2112201 + 202002?
10021210
In base 14, what is 10 - 2a88?
-2a78
In base 12, what is -27 + -1754?
-177b
In base 5, what is -23 + -132014?
-132042
In base 6, what is 412144 + 2?
412150
In base 7, what is 4 - -50245?
50252
In base 4, what is -3 - -11212012?
11212003
In base 6, what is -200 + 30441?
30241
In base 4, what is -113313 + 1133?
-112120
In base 8, what is -142 - -3444?
3302
In base 5, what is -343 + 232013?
231120
In base 11, what is -1 + -559093?
-559094
In base 14, what is -5 + 125d31?
125d2a
In base 9, what is 5455045 - -3?
5455048
In base 13, what is -a8a36 + -5?
-a8a3b
In base 10, what is -3 + 7192?
7189
In base 5, what is -1234 + 412?
-322
In base 5, what is -1 - 33340234?
-33340240
In base 8, what is -1343 + 34?
-1307
In base 4, what is -2 + 1322100?
1322032
In base 13, what is 8 + -2bb8a?
-2bb82
In base 12, what is 89 - -13?
a0
In base 2, what is -110111 - -1000011001?
111100010
In base 3, what is 1200110 - -2102?
1202212
In base 16, what is 0 - 39d2?
-39d2
In base 2, what is 11000100 + 100010?
11100110
In base 6, what is -30 - 2140135?
-2140205
In base 15, what is -19e0e - 31?
-19e40
In base 13, what is -84 - 26544?
-265c8
In base 6, what is 2 + 51311?
51313
In base 16, what is ad4a3 + -5?
ad49e
In base 4, what is 323 + -123201?
-122212
In base 4, what is -301132 + -232?
-302030
In base 6, what is 1125340 + 5?
1125345
In base 12, what is -371a8 + -4?
-371b0
In base 10, what is -2190822 - 0?
-2190822
In base 9, what is -146120 - 6?
-146126
In base 6, what is 53145 - 13?
53132
In base 6, what is 151 - 22530?
-22335
In base 7, what is -2 - -1436201?
1436166
In base 8, what is 163 - 20112?
-17727
In base 14, what is 74 + 46ba?
4750
In base 2, what is 10110100101110100100 + 0?
10110100101110100100
In base 11, what is -718 - -32?
-696
In base 2, what is 0 - 111000010001011?
-111000010001011
In base 8, what is 531 - -25215?
25746
In base 13, what is -8b113 - -11?
-8b102
In base 16, what is 2 + -52741?
-5273f
In base 7, what is 4054 + 203?
4260
In base 2, what is 10001111111 - 100?
10001111011
In base 13, what is 17 + 150?
167
In base 9, what is 1287 + -1475?
-177
In base 15, what is 3 + 4a636?
4a639
In base 8, what is -54311 + -14?
-54325
In base 2, what is 10011101110 + 1110?
10011111100
In base 15, what is 2 + 1251?
1253
In base 8, what is 715 - -10?
725
In base 